{"id":1471,"date":"1970-01-01T00:00:00","date_gmt":"1970-01-01T00:00:00","guid":{"rendered":"http:\/\/edizionicarrara.it\/?product=e-nato-per-noi"},"modified":"1970-01-01T00:00:00","modified_gmt":"1970-01-01T00:00:00","slug":"e-nato-per-noi","status":"publish","type":"product","link":"https:\/\/edizionicarrara.it\/en\/score\/e-nato-per-noi\/","title":{"rendered":"E&#8217; nato per noi"},"content":{"rendered":"<p>Una raccolta pensata per creare nel fedele il giusto slancio e la pi\u00f9 calorosa partecipazione alla festivit\u00e0 pi\u00f9 sentita dell anno. 14 canti natalizi di indiscussa sensibilit\u00e0.<\/p>\n","protected":false},"excerpt":{"rendered":"<p>Canti di Natale originali a 1 e piu voci e organo<\/p>\n","protected":false},"featured_media":1472,"template":"","meta":{"_kad_blocks_custom_css":"","_kad_blocks_head_custom_js":"","_kad_blocks_body_custom_js":"","_kad_blocks_footer_custom_js":"","_kadence_starter_templates_imported_post":false,"_kad_post_transparent":"","_kad_post_title":"","_kad_post_layout":"","_kad_post_sidebar_id":"","_kad_post_content_style":"","_kad_post_vertical_padding":"","_kad_post_feature":"","_kad_post_feature_position":"","_kad_post_header":false,"_kad_post_footer":false,"_kad_post_classname":""},"product_brand":[],"product_cat":[20],"product_tag":[],"class_list":{"0":"post-1471","1":"product","2":"type-product","3":"status-publish","4":"has-post-thumbnail","6":"product_cat-score","7":"pa_authorname-aavv","8":"pa_codeedition-ec4374","9":"pa_codeismn-m-2157-4374-1","10":"pa_contents-contenutorendina-antonio-puer-natus-est-assembleabarosco-natale-luigi-rallegriamoci-tutti-ass-e-4-vocibarosco-natale-luigi-una-notte-lontana-assembleabarosco-natale-luigi-splende-la","11":"pa_curator-vessia-gian-nicola","12":"pa_editor-carrara","13":"pa_genres-vocale-a-1-v-orgvocale-a-2-v-orgvocale-a-2-v-strumvocale-a-3-v-orgvocale-a-4-v-org","14":"pa_pages-119","15":"pa_publishyear-1011","16":"pa_series-natale-carrara","17":"pa_subgenres-sacra-liturgica","18":"pa_versionculture-global","19":"pa_versionname-36","20":"post","22":"first","23":"instock","24":"shipping-taxable","25":"purchasable","26":"product-type-simple","27":"entry","28":"content-bg","29":"loop-entry"},"taxonomy_info":{"product_cat":[{"value":20,"label":"Partiture"}],"pa_authorname":[{"value":118,"label":"AA.VV."}],"pa_codeedition":[{"value":2752,"label":"EC4374"}],"pa_codeismn":[{"value":2753,"label":"M-2157-4374-1"}],"pa_contents":[{"value":2755,"label":"<strong>CONTENUTO:<\/strong><br>\r\n<br>\r\nRENDINA Antonio - Puer Natus est (assemblea)<br>\r\nBAROSCO Natale Luigi - Rallegriamoci tutti (Ass e 4 voci)<br>\r\nBAROSCO Natale Luigi - Una notte lontana (Assemb"}],"pa_curator":[{"value":90,"label":"Vessia Gian Nicola"}],"pa_editor":[{"value":28,"label":"Carrara"}],"pa_genres":[{"value":2754,"label":"Vocale a 1 v. - Org.,Vocale a 2 v. - Org.,Vocale a 2 v. - Strum.,Vocale a 3 v. - Org.,Vocale a 4 v. - Org."}],"pa_pages":[{"value":119,"label":"32"}],"pa_publishyear":[{"value":1011,"label":"1998"}],"pa_series":[{"value":1637,"label":"Natale Carrara"}],"pa_subgenres":[{"value":72,"label":"Sacra Liturgica"}],"pa_versionculture":[{"value":37,"label":"Global"}],"pa_versionname":[{"value":36,"label":"01"}]},"featured_image_src_large":["https:\/\/edizionicarrara.it\/wp-content\/uploads\/nc\/images\/180-250-fix\/2911.jpeg",144,212,false],"author_info":[],"comment_info":"","_links":{"self":[{"href":"https:\/\/edizionicarrara.it\/en\/wp-json\/wp\/v2\/product\/1471","targetHints":{"allow":["GET"]}}],"collection":[{"href":"https:\/\/edizionicarrara.it\/en\/wp-json\/wp\/v2\/product"}],"about":[{"href":"https:\/\/edizionicarrara.it\/en\/wp-json\/wp\/v2\/types\/product"}],"wp:featuredmedia":[{"embeddable":true,"href":"https:\/\/edizionicarrara.it\/en\/wp-json\/wp\/v2\/media\/1472"}],"wp:attachment":[{"href":"https:\/\/edizionicarrara.it\/en\/wp-json\/wp\/v2\/media?parent=1471"}],"wp:term":[{"taxonomy":"product_brand","embeddable":true,"href":"https:\/\/edizionicarrara.it\/en\/wp-json\/wp\/v2\/product_brand?post=1471"},{"taxonomy":"product_cat","embeddable":true,"href":"https:\/\/edizionicarrara.it\/en\/wp-json\/wp\/v2\/product_cat?post=1471"},{"taxonomy":"product_tag","embeddable":true,"href":"https:\/\/edizionicarrara.it\/en\/wp-json\/wp\/v2\/product_tag?post=1471"}],"curies":[{"name":"wp","href":"https:\/\/api.w.org\/{rel}","templated":true}]}}

<p>Una raccolta pensata per creare nel fedele il giusto slancio e la più calorosa partecipazione alla festività più sentita dell anno. 14 canti natalizi di indiscussa sensibilità.</p>
