{"id":1779,"date":"1970-01-01T00:00:00","date_gmt":"1970-01-01T00:00:00","guid":{"rendered":"http:\/\/edizionicarrara.it\/?product=il-giovane-pianista-volume-iii"},"modified":"2023-06-27T08:19:03","modified_gmt":"2023-06-27T08:19:03","slug":"il-giovane-pianista-volume-iii","status":"publish","type":"product","link":"https:\/\/edizionicarrara.it\/en\/didactics\/il-giovane-pianista-volume-iii\/","title":{"rendered":"Il Giovane Pianista &#8211; Volume III"},"content":{"rendered":"<p>Questo terzo volume del Metodo per pianoforte ripete in linea di massima gli stessi schemi, come presentazione ed esecuzione, del primo e del secondo volume. Naturalmente con una difficolt\u00e0 accentuata, tanto per gli esercizi come per gli studi e le sonatine,<br \/>\n dato che ogni componente dello studio del pianoforte \u00e8 presentata in ordine progressivo.<br \/>\nIl materiale didattico, sia quello originale sia quello scelto fra le opere dei pi\u00f9 quotati musicisti \u00e8 stato selezionato in modo da offrire all&#8217;allievo la possibilit\u00e0 di raggiungere in breve tempo, ma adeguatamente, ottimi risultati.<\/p>\n","protected":false},"excerpt":{"rendered":"<p>Metodo per lo studio del pianoforte<\/p>\n","protected":false},"featured_media":1780,"template":"","meta":{"_kad_blocks_custom_css":"","_kad_blocks_head_custom_js":"","_kad_blocks_body_custom_js":"","_kad_blocks_footer_custom_js":"","_kadence_starter_templates_imported_post":false,"_kad_post_transparent":"","_kad_post_title":"","_kad_post_layout":"","_kad_post_sidebar_id":"","_kad_post_content_style":"","_kad_post_vertical_padding":"","_kad_post_feature":"","_kad_post_feature_position":"","_kad_post_header":false,"_kad_post_footer":false,"_kad_post_classname":""},"product_brand":[],"product_cat":[21],"product_tag":[],"class_list":{"0":"post-1779","1":"product","2":"type-product","3":"status-publish","4":"has-post-thumbnail","6":"product_cat-didactics","7":"pa_authorname-sala-aldo","8":"pa_codeedition-ec3624","9":"pa_codeismn-9-790215-736245","10":"pa_contents-parte-primaeserciziper-la-velocita-delle-ditascale-ed-arpeggi-nellambito-di-quattro-ottavescale-di-ottavescale-di-ottave-arpeggiatescale-di-terze-maggiorivarianti-agli-eserciziparte-s","11":"pa_editor-carrara","12":"pa_genres-pianoforte","13":"pa_pages-1792","14":"pa_publishyear-1655","15":"pa_versionculture-global","16":"pa_versionname-36","17":"post","19":"first","20":"instock","21":"shipping-taxable","22":"purchasable","23":"product-type-simple","24":"entry","25":"content-bg","26":"loop-entry"},"taxonomy_info":{"product_cat":[{"value":21,"label":"Didattica"}],"pa_authorname":[{"value":2549,"label":"SALA Aldo"}],"pa_codeedition":[{"value":3327,"label":"EC3624"}],"pa_codeismn":[{"value":3328,"label":"9 790215 736245"}],"pa_contents":[{"value":3329,"label":"<strong>Parte Prima<br>\r\nEsercizi<\/strong><br>\r\nPer la velocit\u00e0 delle dita<br>\r\nScale ed arpeggi nell'ambito di quattro ottave<br>\r\nScale di ottave<br>\r\nScale di ottave arpeggiate<br>\r\nScale di terze "}],"pa_editor":[{"value":28,"label":"Carrara"}],"pa_genres":[{"value":277,"label":"Pianoforte"}],"pa_pages":[{"value":1792,"label":"128"}],"pa_publishyear":[{"value":1655,"label":"1983"}],"pa_versionculture":[{"value":37,"label":"Global"}],"pa_versionname":[{"value":36,"label":"01"}]},"featured_image_src_large":["https:\/\/edizionicarrara.it\/wp-content\/uploads\/nc\/images\/180-250-fix\/da2f1f3f-e0d4-4097-a525-a170761ff608.jpeg",170,250,false],"author_info":[],"comment_info":"","_links":{"self":[{"href":"https:\/\/edizionicarrara.it\/en\/wp-json\/wp\/v2\/product\/1779","targetHints":{"allow":["GET"]}}],"collection":[{"href":"https:\/\/edizionicarrara.it\/en\/wp-json\/wp\/v2\/product"}],"about":[{"href":"https:\/\/edizionicarrara.it\/en\/wp-json\/wp\/v2\/types\/product"}],"wp:featuredmedia":[{"embeddable":true,"href":"https:\/\/edizionicarrara.it\/en\/wp-json\/wp\/v2\/media\/1780"}],"wp:attachment":[{"href":"https:\/\/edizionicarrara.it\/en\/wp-json\/wp\/v2\/media?parent=1779"}],"wp:term":[{"taxonomy":"product_brand","embeddable":true,"href":"https:\/\/edizionicarrara.it\/en\/wp-json\/wp\/v2\/product_brand?post=1779"},{"taxonomy":"product_cat","embeddable":true,"href":"https:\/\/edizionicarrara.it\/en\/wp-json\/wp\/v2\/product_cat?post=1779"},{"taxonomy":"product_tag","embeddable":true,"href":"https:\/\/edizionicarrara.it\/en\/wp-json\/wp\/v2\/product_tag?post=1779"}],"curies":[{"name":"wp","href":"https:\/\/api.w.org\/{rel}","templated":true}]}}

<p>Questo terzo volume del Metodo per pianoforte ripete in linea di massima gli stessi schemi, come presentazione ed esecuzione, del primo e del secondo volume. Naturalmente con una difficoltà accentuata, tanto per gli esercizi come per gli studi e le sonatine,<br />
 dato che ogni componente dello studio del pianoforte è presentata in ordine progressivo.<br />
Il materiale didattico, sia quello originale sia quello scelto fra le opere dei più quotati musicisti è stato selezionato in modo da offrire all&#8217;allievo la possibilità di raggiungere in breve tempo, ma adeguatamente, ottimi risultati.</p>

<strong>Parte Prima<br>
Esercizi</strong><br>
Per la velocità delle dita<br>
Scale ed arpeggi nell'ambito di quattro ottave<br>
Scale di ottave<br>
Scale di ottave arpeggiate<br>
Scale di terze
