{"id":2142,"date":"1970-01-01T00:00:00","date_gmt":"1970-01-01T00:00:00","guid":{"rendered":"http:\/\/edizionicarrara.it\/?product=melodie-sacre"},"modified":"2026-04-02T08:33:37","modified_gmt":"2026-04-02T08:33:37","slug":"melodie-sacre","status":"publish","type":"product","link":"https:\/\/edizionicarrara.it\/en\/score\/melodie-sacre\/","title":{"rendered":"Melodie Sacre"},"content":{"rendered":"<p>I motivi che hanno spinto a studiare e a trascrivere la musica di Giovanni Bracchi spaziano da un riconoscimento del suo alto grado di professionalit\u00e0 e di ispirazione artistica ad una stima per la sua grande umanit\u00e0 e sensibilit\u00e0.<br \/>\nUno dei motivi di fascino della sua musica va ricercato nel suo tenace sforzo di seguire profondamente la propria ispirazione al di l\u00e0 dei facili giudizi di pubblico.<br \/>\nLa presente edizione comprende sia brani sacro vocali, che risultano essere inediti e la cui trascrizione si attiene fedelmente ai manoscritti originali senza alcun tipo di intervento o di modifica. sia brani per organo editi gi\u00e0 (tranne &#8220;Zampognari al presepe&#8221;) dalla Casa Musicale Carrare tra gli anni 1950-60.<\/p>\n","protected":false},"excerpt":{"rendered":"<p>18 Canti a pi\u00f9 voci ed organo e 11 Pezzi organistici.<\/p>\n","protected":false},"featured_media":9978,"template":"","meta":{"_kad_blocks_custom_css":"","_kad_blocks_head_custom_js":"","_kad_blocks_body_custom_js":"","_kad_blocks_footer_custom_js":"","_kadence_starter_templates_imported_post":false,"_kad_post_transparent":"default","_kad_post_title":"","_kad_post_layout":"default","_kad_post_sidebar_id":"","_kad_post_content_style":"default","_kad_post_vertical_padding":"default","_kad_post_feature":"","_kad_post_feature_position":"","_kad_post_header":false,"_kad_post_footer":false,"_kad_post_classname":""},"product_brand":[],"product_cat":[20],"product_tag":[],"class_list":{"0":"post-2142","1":"product","2":"type-product","3":"status-publish","4":"has-post-thumbnail","6":"product_cat-score","7":"pa_authorname-bracchi-giovanni","8":"pa_codeedition-ec4406","9":"pa_codeismn-9-790215-744060","10":"pa_contents-cantate-domino-mottetto-finale-per-coro-a-3-vdmirabilis-deus-finale-mottetto-per-coro-a-3-vdquesto-e-il-giorno-del-signore-mottetto-per-coro-a-3-vdbone-pastor-mottetto-per-coro-a-4-vdbea","11":"pa_curator-bianchi-massimiliano","12":"pa_editor-carrara","13":"pa_genres-vocale-a-1-v-orgvocale-a-2-v-orgvocale-a-3-v-orgvocale-a-4-v-org","14":"pa_pages-1675","15":"pa_publishyear-775","16":"pa_subgenres-sacra-liturgica","17":"pa_versionculture-global","18":"pa_versionname-36","19":"post","21":"first","22":"instock","23":"shipping-taxable","24":"purchasable","25":"product-type-simple","26":"entry","27":"content-bg","28":"loop-entry"},"taxonomy_info":{"product_cat":[{"value":20,"label":"Partiture"}],"pa_authorname":[{"value":4158,"label":"BRACCHI Giovanni"}],"pa_codeedition":[{"value":4160,"label":"EC4406"}],"pa_codeismn":[{"value":4161,"label":"9 790215 744060"}],"pa_contents":[{"value":4162,"label":"<strong>Cantate Domino <\/strong>Mottetto \"Finale\" per coro a 3 v.d.<br \/>\r\n<strong>Mirabilis Deus - Finale - <\/strong>Mottetto per coro a 3 v.d.<br \/>\r\n<strong>Questo \u00e8 il giorno del Signore <\/strong>"}],"pa_curator":[{"value":4159,"label":"Bianchi Massimiliano"}],"pa_editor":[{"value":28,"label":"Carrara"}],"pa_genres":[{"value":618,"label":"Vocale a 1 v. - Org.,Vocale a 2 v. - Org.,Vocale a 3 v. - Org.,Vocale a 4 v. - Org."}],"pa_pages":[{"value":1675,"label":"96"}],"pa_publishyear":[{"value":775,"label":"2000"}],"pa_subgenres":[{"value":72,"label":"Sacra Liturgica"}],"pa_versionculture":[{"value":37,"label":"Global"}],"pa_versionname":[{"value":36,"label":"01"}]},"featured_image_src_large":["https:\/\/edizionicarrara.it\/wp-content\/uploads\/1970\/01\/WhatsApp-Image-2026-04-02-at-10.31.10-642x1024.jpeg",642,1024,true],"author_info":[],"comment_info":"","_links":{"self":[{"href":"https:\/\/edizionicarrara.it\/en\/wp-json\/wp\/v2\/product\/2142","targetHints":{"allow":["GET"]}}],"collection":[{"href":"https:\/\/edizionicarrara.it\/en\/wp-json\/wp\/v2\/product"}],"about":[{"href":"https:\/\/edizionicarrara.it\/en\/wp-json\/wp\/v2\/types\/product"}],"wp:featuredmedia":[{"embeddable":true,"href":"https:\/\/edizionicarrara.it\/en\/wp-json\/wp\/v2\/media\/9978"}],"wp:attachment":[{"href":"https:\/\/edizionicarrara.it\/en\/wp-json\/wp\/v2\/media?parent=2142"}],"wp:term":[{"taxonomy":"product_brand","embeddable":true,"href":"https:\/\/edizionicarrara.it\/en\/wp-json\/wp\/v2\/product_brand?post=2142"},{"taxonomy":"product_cat","embeddable":true,"href":"https:\/\/edizionicarrara.it\/en\/wp-json\/wp\/v2\/product_cat?post=2142"},{"taxonomy":"product_tag","embeddable":true,"href":"https:\/\/edizionicarrara.it\/en\/wp-json\/wp\/v2\/product_tag?post=2142"}],"curies":[{"name":"wp","href":"https:\/\/api.w.org\/{rel}","templated":true}]}}

<p>I motivi che hanno spinto a studiare e a trascrivere la musica di Giovanni Bracchi spaziano da un riconoscimento del suo alto grado di professionalità e di ispirazione artistica ad una stima per la sua grande umanità e sensibilità.<br />
Uno dei motivi di fascino della sua musica va ricercato nel suo tenace sforzo di seguire profondamente la propria ispirazione al di là dei facili giudizi di pubblico.<br />
La presente edizione comprende sia brani sacro vocali, che risultano essere inediti e la cui trascrizione si attiene fedelmente ai manoscritti originali senza alcun tipo di intervento o di modifica. sia brani per organo editi già (tranne &#8220;Zampognari al presepe&#8221;) dalla Casa Musicale Carrare tra gli anni 1950-60.</p>

<p>18 Canti a più voci ed organo e 11 Pezzi organistici.</p>

<strong>Cantate Domino </strong>Mottetto "Finale" per coro a 3 v.d.<br />
<strong>Mirabilis Deus - Finale - </strong>Mottetto per coro a 3 v.d.<br />
<strong>Questo è il giorno del Signore </strong>
