{"id":3448,"date":"1970-01-01T00:00:00","date_gmt":"1970-01-01T00:00:00","guid":{"rendered":"http:\/\/edizionicarrara.it\/?product=canti-monodici"},"modified":"1970-01-01T00:00:00","modified_gmt":"1970-01-01T00:00:00","slug":"canti-monodici","status":"publish","type":"product","link":"https:\/\/edizionicarrara.it\/en\/score\/canti-monodici\/","title":{"rendered":"Canti Monodici"},"content":{"rendered":"<div>La musica dei primi cristiani \u00e8 un tema che apre le porte ai sogni&#8230; Che sappiamo di questi uomini, se non che hanno avuto l\u2019onore del battesimo del sangue e che a molti di essi la chiesa accorda appena la menzione: \u201c Hai sofferto?\u201d&#8230;<br \/>\n&#8230;Eppure questi uomini, che a noi sembrano fantasmi, hanno vissuto, sono stati creature di carne e di sangue e hanno sofferto per la loro fede liberamente scelta. Le domande si affollano: che cos\u2019erano? Che cos\u2019era la musica per loro? Quale era la musica che il loro culto comportava?&#8230;<br \/>\n&#8230;Ci\u00f2 che vogliamo cercare di comprendere \u00e8 l\u2019atteggiamento che assunse nei confronti di quest\u2019arte la gerarchia regolare della chiesa: ci\u00f2 che essa ricevette, svilupp\u00f2 e cre\u00f2. Ma poich\u00e9 ai nostri occhi la parola \u201cmusica\u201d evoca l\u2019idea di un\u2019arte fine a se stessa, l\u2019idea dell\u2019invenzione musicale, di una grazia superiore che riempie<br \/>\nla vita, di una occupazione intellettuale che assorbe ogni istante di professionisti allenati sin dall\u2019infanzia, comprendiamo male come la musica possa collegarsi al mondo di una clandestinit\u00e0 cristiana nelle catacombe.<br \/>\nL\u2019istante successivo ci trova stupiti dalla complicazione del canto piano e del canto gregoriano&#8230;<\/div>\n","protected":false},"excerpt":{"rendered":"<p>per la Liturgia<\/p>\n","protected":false},"featured_media":3449,"template":"","meta":{"_kad_blocks_custom_css":"","_kad_blocks_head_custom_js":"","_kad_blocks_body_custom_js":"","_kad_blocks_footer_custom_js":"","_kadence_starter_templates_imported_post":false,"_kad_post_transparent":"","_kad_post_title":"","_kad_post_layout":"","_kad_post_sidebar_id":"","_kad_post_content_style":"","_kad_post_vertical_padding":"","_kad_post_feature":"","_kad_post_feature_position":"","_kad_post_header":false,"_kad_post_footer":false,"_kad_post_classname":""},"product_brand":[],"product_cat":[20],"product_tag":[],"class_list":{"0":"post-3448","1":"product","2":"type-product","3":"status-publish","4":"has-post-thumbnail","6":"product_cat-score","7":"pa_authorname-aavv","8":"pa_codeedition-ec5407a","9":"pa_codeismn-979-0-2157-5407-2","10":"pa_contents-indice-canti-monodicii-an-r-74-1-creator-alme-siderumii-an-r-74-2-alto-e-glorioso-dioiii-an-r-74-3-ave-verum-corpusiv-an-r-74-4-concordi-laetitiav-an-r-74-5-ver","11":"pa_curator-gian-nicola-vessia","12":"pa_editor-carrara","13":"pa_genres-vocale-a-1-v","14":"pa_pages-102","15":"pa_publishyear-6386","16":"pa_subgenres-sacra-liturgica","17":"pa_versionculture-global","18":"pa_versionname-36","19":"post","21":"first","22":"instock","23":"shipping-taxable","24":"purchasable","25":"product-type-simple","26":"entry","27":"content-bg","28":"loop-entry"},"taxonomy_info":{"product_cat":[{"value":20,"label":"Partiture"}],"pa_authorname":[{"value":118,"label":"AA.VV."}],"pa_codeedition":[{"value":6419,"label":"EC5407a"}],"pa_codeismn":[{"value":6420,"label":"979-0-2157-5407-2"}],"pa_contents":[{"value":6421,"label":"<div><strong>INDICE CANTI MONODICI<\/strong><\/div>\r\n\r\n<div><strong>I<\/strong> - An. R. 74-1 - Creator alme siderum<\/div>\r\n\r\n<div><strong>II<\/strong> - An. R. 74-2 - Alto e glorioso Dio<\/div>\r\n\r\n<div><s"}],"pa_curator":[{"value":6349,"label":"Gian Nicola Vessia "}],"pa_editor":[{"value":28,"label":"Carrara"}],"pa_genres":[{"value":3927,"label":"Vocale a 1 v."}],"pa_pages":[{"value":102,"label":"36"}],"pa_publishyear":[{"value":6386,"label":"2015"}],"pa_subgenres":[{"value":72,"label":"Sacra Liturgica"}],"pa_versionculture":[{"value":37,"label":"Global"}],"pa_versionname":[{"value":36,"label":"01"}]},"featured_image_src_large":["https:\/\/edizionicarrara.it\/wp-content\/uploads\/nc\/images\/180-250-fix\/8b1933a7-e131-4971-9626-9c4555b6519f.jpeg",172,250,false],"author_info":[],"comment_info":"","_links":{"self":[{"href":"https:\/\/edizionicarrara.it\/en\/wp-json\/wp\/v2\/product\/3448","targetHints":{"allow":["GET"]}}],"collection":[{"href":"https:\/\/edizionicarrara.it\/en\/wp-json\/wp\/v2\/product"}],"about":[{"href":"https:\/\/edizionicarrara.it\/en\/wp-json\/wp\/v2\/types\/product"}],"wp:featuredmedia":[{"embeddable":true,"href":"https:\/\/edizionicarrara.it\/en\/wp-json\/wp\/v2\/media\/3449"}],"wp:attachment":[{"href":"https:\/\/edizionicarrara.it\/en\/wp-json\/wp\/v2\/media?parent=3448"}],"wp:term":[{"taxonomy":"product_brand","embeddable":true,"href":"https:\/\/edizionicarrara.it\/en\/wp-json\/wp\/v2\/product_brand?post=3448"},{"taxonomy":"product_cat","embeddable":true,"href":"https:\/\/edizionicarrara.it\/en\/wp-json\/wp\/v2\/product_cat?post=3448"},{"taxonomy":"product_tag","embeddable":true,"href":"https:\/\/edizionicarrara.it\/en\/wp-json\/wp\/v2\/product_tag?post=3448"}],"curies":[{"name":"wp","href":"https:\/\/api.w.org\/{rel}","templated":true}]}}

<div>La musica dei primi cristiani è un tema che apre le porte ai sogni&#8230; Che sappiamo di questi uomini, se non che hanno avuto l’onore del battesimo del sangue e che a molti di essi la chiesa accorda appena la menzione: “ Hai sofferto?”&#8230;<br />
&#8230;Eppure questi uomini, che a noi sembrano fantasmi, hanno vissuto, sono stati creature di carne e di sangue e hanno sofferto per la loro fede liberamente scelta. Le domande si affollano: che cos’erano? Che cos’era la musica per loro? Quale era la musica che il loro culto comportava?&#8230;<br />
&#8230;Ciò che vogliamo cercare di comprendere è l’atteggiamento che assunse nei confronti di quest’arte la gerarchia regolare della chiesa: ciò che essa ricevette, sviluppò e creò. Ma poiché ai nostri occhi la parola “musica” evoca l’idea di un’arte fine a se stessa, l’idea dell’invenzione musicale, di una grazia superiore che riempie<br />
la vita, di una occupazione intellettuale che assorbe ogni istante di professionisti allenati sin dall’infanzia, comprendiamo male come la musica possa collegarsi al mondo di una clandestinità cristiana nelle catacombe.<br />
L’istante successivo ci trova stupiti dalla complicazione del canto piano e del canto gregoriano&#8230;</div>
