{"id":3660,"date":"1970-01-01T00:00:00","date_gmt":"1970-01-01T00:00:00","guid":{"rendered":"http:\/\/edizionicarrara.it\/?product=xx-convegno-corali-liturgiche"},"modified":"1970-01-01T00:00:00","modified_gmt":"1970-01-01T00:00:00","slug":"xx-convegno-corali-liturgiche","status":"publish","type":"product","link":"https:\/\/edizionicarrara.it\/en\/score\/xx-convegno-corali-liturgiche\/","title":{"rendered":"XX Convegno Corali Liturgiche"},"content":{"rendered":"<div>Raccolta di canti per la celebrazione della ventesima edizione del Convegno diocesano delle Corali di Lugano.<\/div>\n<div>A Don Felice Rainoldi, recentemente tornato alla Casa del Padre, \u00e8 dedicata in particolare la Celebrazione Eucaristia del Convegno che sar\u00e0 celebrata l&#8217; 11 giugno 2017, Solennit\u00e0 della Santissima Trinit\u00e0. Come \u201cOrdinario\u201d \u00e8 stata scelta una sua composizione dedicata al Convegno diocesano del 1987 che, come moltissime delle musiche di don Felice, tengono conto di quello che \u00e8 il leitmotiv di tutta la Riforma del Concilio Vaticano II: la partecipazione attiva dei fedeli.<\/div>\n","protected":false},"excerpt":{"rendered":"<p>Lugano &#8211; 11\/06\/2017<\/p>\n","protected":false},"featured_media":3661,"template":"","meta":{"_kad_blocks_custom_css":"","_kad_blocks_head_custom_js":"","_kad_blocks_body_custom_js":"","_kad_blocks_footer_custom_js":"","_kadence_starter_templates_imported_post":false,"_kad_post_transparent":"","_kad_post_title":"","_kad_post_layout":"","_kad_post_sidebar_id":"","_kad_post_content_style":"","_kad_post_vertical_padding":"","_kad_post_feature":"","_kad_post_feature_position":"","_kad_post_header":false,"_kad_post_footer":false,"_kad_post_classname":""},"product_brand":[],"product_cat":[20],"product_tag":[],"class_list":{"0":"post-3660","1":"product","2":"type-product","3":"status-publish","4":"has-post-thumbnail","6":"product_cat-score","7":"pa_authorname-aavv","8":"pa_codeedition-ec5497","9":"pa_codeismn-979021575497-3","10":"pa_contents-padre-che-hai-fatto-ogni-cosa-dal-nulla-di-migliavacca-lucianosignore-tu-sei-venuto-di-rainoldi-felicegloria-a-dio-di-rainoldi-felicesalmo-responsoriale-di-rainoldi-feliceacclamazione","11":"pa_editor-carrara","12":"pa_genres-vocale-a-4-v-org","13":"pa_pages-84","14":"pa_publishyear-6603","15":"pa_subgenres-sacra-liturgica","16":"pa_versionculture-global","17":"pa_versionname-36","18":"post","20":"first","21":"instock","22":"shipping-taxable","23":"purchasable","24":"product-type-simple","25":"entry","26":"content-bg","27":"loop-entry"},"taxonomy_info":{"product_cat":[{"value":20,"label":"Partiture"}],"pa_authorname":[{"value":118,"label":"AA.VV."}],"pa_codeedition":[{"value":6814,"label":"EC5497"}],"pa_codeismn":[{"value":6815,"label":"979021575497-3"}],"pa_contents":[{"value":6816,"label":"<div><strong>PADRE CHE HAI FATTO OGNI COSA DAL NULLA <\/strong>di Migliavacca Luciano<\/div>\r\n\r\n<div><strong>SIGNORE TU SEI VENUTO <\/strong>di Rainoldi Felice<\/div>\r\n\r\n<div><strong>GLORIA A DIO <\/strong"}],"pa_editor":[{"value":28,"label":"Carrara"}],"pa_genres":[{"value":80,"label":"Vocale a 4 v. - Org."}],"pa_pages":[{"value":84,"label":"40"}],"pa_publishyear":[{"value":6603,"label":"2016"}],"pa_subgenres":[{"value":72,"label":"Sacra Liturgica"}],"pa_versionculture":[{"value":37,"label":"Global"}],"pa_versionname":[{"value":36,"label":"01"}]},"featured_image_src_large":["https:\/\/edizionicarrara.it\/wp-content\/uploads\/nc\/images\/180-250-fix\/5d410ead-1068-4a8b-a809-1c3ba7a9dd03.jpeg",172,250,false],"author_info":[],"comment_info":"","_links":{"self":[{"href":"https:\/\/edizionicarrara.it\/en\/wp-json\/wp\/v2\/product\/3660","targetHints":{"allow":["GET"]}}],"collection":[{"href":"https:\/\/edizionicarrara.it\/en\/wp-json\/wp\/v2\/product"}],"about":[{"href":"https:\/\/edizionicarrara.it\/en\/wp-json\/wp\/v2\/types\/product"}],"wp:featuredmedia":[{"embeddable":true,"href":"https:\/\/edizionicarrara.it\/en\/wp-json\/wp\/v2\/media\/3661"}],"wp:attachment":[{"href":"https:\/\/edizionicarrara.it\/en\/wp-json\/wp\/v2\/media?parent=3660"}],"wp:term":[{"taxonomy":"product_brand","embeddable":true,"href":"https:\/\/edizionicarrara.it\/en\/wp-json\/wp\/v2\/product_brand?post=3660"},{"taxonomy":"product_cat","embeddable":true,"href":"https:\/\/edizionicarrara.it\/en\/wp-json\/wp\/v2\/product_cat?post=3660"},{"taxonomy":"product_tag","embeddable":true,"href":"https:\/\/edizionicarrara.it\/en\/wp-json\/wp\/v2\/product_tag?post=3660"}],"curies":[{"name":"wp","href":"https:\/\/api.w.org\/{rel}","templated":true}]}}

<div>Raccolta di canti per la celebrazione della ventesima edizione del Convegno diocesano delle Corali di Lugano.</div>
<div>A Don Felice Rainoldi, recentemente tornato alla Casa del Padre, è dedicata in particolare la Celebrazione Eucaristia del Convegno che sarà celebrata l&#8217; 11 giugno 2017, Solennità della Santissima Trinità. Come “Ordinario” è stata scelta una sua composizione dedicata al Convegno diocesano del 1987 che, come moltissime delle musiche di don Felice, tengono conto di quello che è il leitmotiv di tutta la Riforma del Concilio Vaticano II: la partecipazione attiva dei fedeli.</div>
