{"id":3865,"date":"1970-01-01T00:00:00","date_gmt":"1970-01-01T00:00:00","guid":{"rendered":"http:\/\/edizionicarrara.it\/?product=divertimento-natalizio"},"modified":"1970-01-01T00:00:00","modified_gmt":"1970-01-01T00:00:00","slug":"divertimento-natalizio","status":"publish","type":"product","link":"https:\/\/edizionicarrara.it\/en\/score\/divertimento-natalizio\/","title":{"rendered":"Divertimento Natalizio"},"content":{"rendered":"<div>Il &#8220;Divertimento Natalizio&#8221; \u00e8 una suite di canti della tradizione natalizia che conduce pubblico ed esecutori in un viaggio musicale attraverso culture ed epoche differenti.<br \/>\nSin dalle prime note si coglie l&#8217;obiettivo del compositore di unire i tasselli di un grande mosaico, che renda originale ed innovativa una suite tipicamente tradizionale: questo viene messo in opera attraverso gli inediti intermezzi, mediante la ricerca di nuove armonizzazioni dei brani che la compongono (pur restando nell&#8217;ambito tonale) e caratterizzando il tutto con un fluente dialogo ritmico\/melodico tra il canto e l&#8217;accompagnamento. Il risultato finale \u00e8 il racconto di un Natale dove la diversit\u00e0 \u00e8 sinonimo di ricchezza e bellezza, oltre che di completezza.<br \/>\nL&#8217;estensione vocale della linea melodica ne permette l&#8217;esecuzione all&#8217;unisono, oltre che a due o tre voci (le sezioni di contralto e uomini sono considerate ad libitum dall&#8217;autore stesso). Questo awantaggia l&#8217;esecuzione da parte di ogni tipo di organico vocale.<br \/>\nL&#8217;opera \u00e8 nata nel 2008 per un coro di scuola media inferiore, ed \u00e8 stata eseguita nello stesso anno presso l&#8217;Auditorium &#8220;Giuseppe Verdi&#8221; di Milano, diretta dal M0 Ruben Jais ed accompagnata per l&#8217;occasione dall&#8217;Orchestra Sinfonica &#8220;LaVerdi Junior&#8221;.<\/div>\n","protected":false},"excerpt":{"rendered":"<p>Suite per coro all&#8217;Unisono Piano o Organo e Flauto<\/p>\n","protected":false},"featured_media":3866,"template":"","meta":{"_kad_blocks_custom_css":"","_kad_blocks_head_custom_js":"","_kad_blocks_body_custom_js":"","_kad_blocks_footer_custom_js":"","_kadence_starter_templates_imported_post":false,"_kad_post_transparent":"","_kad_post_title":"","_kad_post_layout":"","_kad_post_sidebar_id":"","_kad_post_content_style":"","_kad_post_vertical_padding":"","_kad_post_feature":"","_kad_post_feature_position":"","_kad_post_header":false,"_kad_post_footer":false,"_kad_post_classname":""},"product_brand":[],"product_cat":[20],"product_tag":[],"class_list":{"0":"post-3865","1":"product","2":"type-product","3":"status-publish","4":"has-post-thumbnail","6":"product_cat-score","7":"pa_authorname-lomurno-roberto","8":"pa_codeedition-ec5568","9":"pa_codeismn-7275","10":"pa_contents-giarda-alcune-pagine-esemplificative","11":"pa_editor-carrara","12":"pa_genres-flautopianofortevocale-a-2-v-org","13":"pa_pages-119","14":"pa_publishyear-7258","15":"pa_subgenres-sacra-liturgica","16":"pa_versionculture-global","17":"pa_versionname-36","18":"post","20":"first","21":"instock","22":"shipping-taxable","23":"purchasable","24":"product-type-simple","25":"entry","26":"content-bg","27":"loop-entry"},"taxonomy_info":{"product_cat":[{"value":20,"label":"Partiture"}],"pa_authorname":[{"value":7273,"label":"LOMURNO Roberto"}],"pa_codeedition":[{"value":7274,"label":"EC5568"}],"pa_codeismn":[{"value":7275,"label":"9790215755680"}],"pa_contents":[{"value":7277,"label":"<div>\u00a0<\/div>\r\n\r\n<div><em>Giarda alcune pagine esemplificative:<\/em><\/div>\r\n\r\n<div>\u00a0<\/div>\r\n"}],"pa_editor":[{"value":28,"label":"Carrara"}],"pa_genres":[{"value":7276,"label":"Flauto,Pianoforte,Vocale a 2 v. - Org."}],"pa_pages":[{"value":119,"label":"32"}],"pa_publishyear":[{"value":7258,"label":"2019"}],"pa_subgenres":[{"value":72,"label":"Sacra Liturgica"}],"pa_versionculture":[{"value":37,"label":"Global"}],"pa_versionname":[{"value":36,"label":"01"}]},"featured_image_src_large":["https:\/\/edizionicarrara.it\/wp-content\/uploads\/nc\/images\/180-250-fix\/057dc7f6-91a8-43b0-8988-ef7ac1e90d7a.jpeg",172,250,false],"author_info":[],"comment_info":"","_links":{"self":[{"href":"https:\/\/edizionicarrara.it\/en\/wp-json\/wp\/v2\/product\/3865","targetHints":{"allow":["GET"]}}],"collection":[{"href":"https:\/\/edizionicarrara.it\/en\/wp-json\/wp\/v2\/product"}],"about":[{"href":"https:\/\/edizionicarrara.it\/en\/wp-json\/wp\/v2\/types\/product"}],"wp:featuredmedia":[{"embeddable":true,"href":"https:\/\/edizionicarrara.it\/en\/wp-json\/wp\/v2\/media\/3866"}],"wp:attachment":[{"href":"https:\/\/edizionicarrara.it\/en\/wp-json\/wp\/v2\/media?parent=3865"}],"wp:term":[{"taxonomy":"product_brand","embeddable":true,"href":"https:\/\/edizionicarrara.it\/en\/wp-json\/wp\/v2\/product_brand?post=3865"},{"taxonomy":"product_cat","embeddable":true,"href":"https:\/\/edizionicarrara.it\/en\/wp-json\/wp\/v2\/product_cat?post=3865"},{"taxonomy":"product_tag","embeddable":true,"href":"https:\/\/edizionicarrara.it\/en\/wp-json\/wp\/v2\/product_tag?post=3865"}],"curies":[{"name":"wp","href":"https:\/\/api.w.org\/{rel}","templated":true}]}}

<div>Il &#8220;Divertimento Natalizio&#8221; è una suite di canti della tradizione natalizia che conduce pubblico ed esecutori in un viaggio musicale attraverso culture ed epoche differenti.<br />
Sin dalle prime note si coglie l&#8217;obiettivo del compositore di unire i tasselli di un grande mosaico, che renda originale ed innovativa una suite tipicamente tradizionale: questo viene messo in opera attraverso gli inediti intermezzi, mediante la ricerca di nuove armonizzazioni dei brani che la compongono (pur restando nell&#8217;ambito tonale) e caratterizzando il tutto con un fluente dialogo ritmico/melodico tra il canto e l&#8217;accompagnamento. Il risultato finale è il racconto di un Natale dove la diversità è sinonimo di ricchezza e bellezza, oltre che di completezza.<br />
L&#8217;estensione vocale della linea melodica ne permette l&#8217;esecuzione all&#8217;unisono, oltre che a due o tre voci (le sezioni di contralto e uomini sono considerate ad libitum dall&#8217;autore stesso). Questo awantaggia l&#8217;esecuzione da parte di ogni tipo di organico vocale.<br />
L&#8217;opera è nata nel 2008 per un coro di scuola media inferiore, ed è stata eseguita nello stesso anno presso l&#8217;Auditorium &#8220;Giuseppe Verdi&#8221; di Milano, diretta dal M0 Ruben Jais ed accompagnata per l&#8217;occasione dall&#8217;Orchestra Sinfonica &#8220;LaVerdi Junior&#8221;.</div>
